{"id":21,"date":"2023-07-29T08:12:55","date_gmt":"2023-07-29T08:12:55","guid":{"rendered":"https:\/\/kravcfilm.com\/?page_id=21"},"modified":"2023-08-18T17:19:32","modified_gmt":"2023-08-18T17:19:32","slug":"o-mnie","status":"publish","type":"page","link":"https:\/\/kravcfilm.com\/index.php\/o-mnie\/","title":{"rendered":"O MNIE"},"content":{"rendered":"\t\t<div data-elementor-type=\"wp-page\" data-elementor-id=\"21\" class=\"elementor elementor-21\" data-elementor-post-type=\"page\">\n\t\t\t\t\t\t<section class=\"elementor-section elementor-top-section elementor-element elementor-element-c8736da elementor-section-full_width elementor-section-height-default elementor-section-height-default\" data-id=\"c8736da\" data-element_type=\"section\" data-e-type=\"section\">\n\t\t\t\t\t\t<div class=\"elementor-container elementor-column-gap-default\">\n\t\t\t\t\t<div class=\"elementor-column elementor-col-100 elementor-top-column elementor-element elementor-element-e74872a\" data-id=\"e74872a\" data-element_type=\"column\" data-e-type=\"column\">\n\t\t\t<div class=\"elementor-widget-wrap elementor-element-populated\">\n\t\t\t\t\t\t<div class=\"elementor-element elementor-element-4574299 elementor-widget elementor-widget-image\" data-id=\"4574299\" data-element_type=\"widget\" data-e-type=\"widget\" data-widget_type=\"image.default\">\n\t\t\t\t<div class=\"elementor-widget-container\">\n\t\t\t\t\t\t\t\t\t\t\t\t\t\t\t<img fetchpriority=\"high\" decoding=\"async\" width=\"2500\" height=\"1667\" src=\"https:\/\/kravcfilm.com\/wp-content\/uploads\/2023\/08\/35.jpg\" class=\"attachment-full size-full wp-image-320\" alt=\"\" srcset=\"https:\/\/kravcfilm.com\/wp-content\/uploads\/2023\/08\/35.jpg 2500w, https:\/\/kravcfilm.com\/wp-content\/uploads\/2023\/08\/35-300x200.jpg 300w, https:\/\/kravcfilm.com\/wp-content\/uploads\/2023\/08\/35-1024x683.jpg 1024w, https:\/\/kravcfilm.com\/wp-content\/uploads\/2023\/08\/35-768x512.jpg 768w, https:\/\/kravcfilm.com\/wp-content\/uploads\/2023\/08\/35-1536x1024.jpg 1536w, https:\/\/kravcfilm.com\/wp-content\/uploads\/2023\/08\/35-2048x1366.jpg 2048w\" sizes=\"(max-width: 2500px) 100vw, 2500px\" \/>\t\t\t\t\t\t\t\t\t\t\t\t\t\t\t<\/div>\n\t\t\t\t<\/div>\n\t\t\t\t\t<\/div>\n\t\t<\/div>\n\t\t\t\t\t<\/div>\n\t\t<\/section>\n\t\t\t\t<section class=\"elementor-section elementor-top-section elementor-element elementor-element-09a460c elementor-section-boxed elementor-section-height-default elementor-section-height-default\" data-id=\"09a460c\" data-element_type=\"section\" data-e-type=\"section\" data-settings=\"{&quot;background_background&quot;:&quot;classic&quot;}\">\n\t\t\t\t\t\t<div class=\"elementor-container elementor-column-gap-default\">\n\t\t\t\t\t<div class=\"elementor-column elementor-col-50 elementor-top-column elementor-element elementor-element-e5858ea\" data-id=\"e5858ea\" data-element_type=\"column\" data-e-type=\"column\">\n\t\t\t<div class=\"elementor-widget-wrap elementor-element-populated\">\n\t\t\t\t\t\t<section class=\"elementor-section elementor-inner-section elementor-element elementor-element-8701d66 elementor-section-boxed elementor-section-height-default elementor-section-height-default\" data-id=\"8701d66\" data-element_type=\"section\" data-e-type=\"section\">\n\t\t\t\t\t\t<div class=\"elementor-container elementor-column-gap-default\">\n\t\t\t\t\t<div class=\"elementor-column elementor-col-50 elementor-inner-column elementor-element elementor-element-3edcbd8 elementor-hidden-tablet\" data-id=\"3edcbd8\" data-element_type=\"column\" data-e-type=\"column\">\n\t\t\t<div class=\"elementor-widget-wrap elementor-element-populated\">\n\t\t\t\t\t\t<div class=\"elementor-element elementor-element-c4aec71 elementor-absolute e-transform elementor-hidden-mobile elementor-widget elementor-widget-heading\" data-id=\"c4aec71\" data-element_type=\"widget\" data-e-type=\"widget\" data-settings=\"{&quot;_position&quot;:&quot;absolute&quot;,&quot;_transform_rotateZ_effect&quot;:{&quot;unit&quot;:&quot;px&quot;,&quot;size&quot;:-90,&quot;sizes&quot;:[]},&quot;_transform_rotateZ_effect_tablet&quot;:{&quot;unit&quot;:&quot;deg&quot;,&quot;size&quot;:&quot;&quot;,&quot;sizes&quot;:[]},&quot;_transform_rotateZ_effect_mobile&quot;:{&quot;unit&quot;:&quot;deg&quot;,&quot;size&quot;:&quot;&quot;,&quot;sizes&quot;:[]}}\" data-widget_type=\"heading.default\">\n\t\t\t\t<div class=\"elementor-widget-container\">\n\t\t\t\t\t<h2 class=\"elementor-heading-title elementor-size-default\">KRAVC<\/h2>\t\t\t\t<\/div>\n\t\t\t\t<\/div>\n\t\t\t\t\t<\/div>\n\t\t<\/div>\n\t\t\t\t<div class=\"elementor-column elementor-col-50 elementor-inner-column elementor-element elementor-element-e9a6628\" data-id=\"e9a6628\" data-element_type=\"column\" data-e-type=\"column\">\n\t\t\t<div class=\"elementor-widget-wrap elementor-element-populated\">\n\t\t\t\t\t\t<div class=\"elementor-element elementor-element-9c54a1b elementor-widget elementor-widget-text-editor\" data-id=\"9c54a1b\" data-element_type=\"widget\" data-e-type=\"widget\" data-widget_type=\"text-editor.default\">\n\t\t\t\t<div class=\"elementor-widget-container\">\n\t\t\t\t\t\t\t\t\t<p>Nazywam si\u0119 Pawe\u0142 Krawiecki, ale wi\u0119kszo\u015b\u0107 zna mnie jako KRAVC. Tworz\u0119 kr\u00f3tkometra\u017cowe filmy \u015blubne oraz komercyjne. Jak to w \u017cyciu bywa, nie samym filmowaniem cz\u0142owiek \u017cyje. Chwile wolne od zagrywek sp\u0119dzam z rodzin\u0105, maluj\u0119 murale, je\u017cd\u017c\u0119 na rowerze lub pijam dobre drinki.<\/p>\t\t\t\t\t\t\t\t<\/div>\n\t\t\t\t<\/div>\n\t\t\t\t\t<\/div>\n\t\t<\/div>\n\t\t\t\t\t<\/div>\n\t\t<\/section>\n\t\t\t\t\t<\/div>\n\t\t<\/div>\n\t\t\t\t<div class=\"elementor-column elementor-col-50 elementor-top-column elementor-element elementor-element-3b321d1\" data-id=\"3b321d1\" data-element_type=\"column\" data-e-type=\"column\">\n\t\t\t<div class=\"elementor-widget-wrap elementor-element-populated\">\n\t\t\t\t\t\t<div class=\"elementor-element elementor-element-912abe8 elementor-widget elementor-widget-image\" data-id=\"912abe8\" data-element_type=\"widget\" data-e-type=\"widget\" data-widget_type=\"image.default\">\n\t\t\t\t<div class=\"elementor-widget-container\">\n\t\t\t\t\t\t\t\t\t\t\t\t\t\t\t<img decoding=\"async\" width=\"800\" height=\"534\" src=\"https:\/\/kravcfilm.com\/wp-content\/uploads\/2023\/08\/KRAVC-Pawel-Krawiecki-2048x1366-1-1024x683.jpg\" class=\"attachment-large size-large wp-image-322\" alt=\"\" srcset=\"https:\/\/kravcfilm.com\/wp-content\/uploads\/2023\/08\/KRAVC-Pawel-Krawiecki-2048x1366-1-1024x683.jpg 1024w, https:\/\/kravcfilm.com\/wp-content\/uploads\/2023\/08\/KRAVC-Pawel-Krawiecki-2048x1366-1-300x200.jpg 300w, https:\/\/kravcfilm.com\/wp-content\/uploads\/2023\/08\/KRAVC-Pawel-Krawiecki-2048x1366-1-768x512.jpg 768w, https:\/\/kravcfilm.com\/wp-content\/uploads\/2023\/08\/KRAVC-Pawel-Krawiecki-2048x1366-1-1536x1025.jpg 1536w, https:\/\/kravcfilm.com\/wp-content\/uploads\/2023\/08\/KRAVC-Pawel-Krawiecki-2048x1366-1.jpg 2048w\" sizes=\"(max-width: 800px) 100vw, 800px\" \/>\t\t\t\t\t\t\t\t\t\t\t\t\t\t\t<\/div>\n\t\t\t\t<\/div>\n\t\t\t\t\t<\/div>\n\t\t<\/div>\n\t\t\t\t\t<\/div>\n\t\t<\/section>\n\t\t\t\t<section class=\"elementor-section elementor-top-section elementor-element elementor-element-943cb5c elementor-section-boxed elementor-section-height-default elementor-section-height-default\" data-id=\"943cb5c\" data-element_type=\"section\" data-e-type=\"section\">\n\t\t\t\t\t\t<div class=\"elementor-container elementor-column-gap-default\">\n\t\t\t\t\t<div class=\"elementor-column elementor-col-100 elementor-top-column elementor-element elementor-element-dc41143\" data-id=\"dc41143\" data-element_type=\"column\" data-e-type=\"column\">\n\t\t\t<div class=\"elementor-widget-wrap elementor-element-populated\">\n\t\t\t\t\t\t<div class=\"elementor-element elementor-element-707cfe5 elementor-widget elementor-widget-heading\" data-id=\"707cfe5\" data-element_type=\"widget\" data-e-type=\"widget\" data-widget_type=\"heading.default\">\n\t\t\t\t<div class=\"elementor-widget-container\">\n\t\t\t\t\t<h2 class=\"elementor-heading-title elementor-size-default\">MNIEJ <\/br>\nZNACZY LEPIEJ!<\/h2>\t\t\t\t<\/div>\n\t\t\t\t<\/div>\n\t\t\t\t<div class=\"elementor-element elementor-element-b9a6bb9 elementor-widget elementor-widget-text-editor\" data-id=\"b9a6bb9\" data-element_type=\"widget\" data-e-type=\"widget\" data-widget_type=\"text-editor.default\">\n\t\t\t\t<div class=\"elementor-widget-container\">\n\t\t\t\t\t\t\t\t\t<p>To zasada, kt\u00f3r\u0105 kieruj\u0119 si\u0119 w pracy od wielu lat. Moi klienci to doceniaj\u0105.<\/p>\t\t\t\t\t\t\t\t<\/div>\n\t\t\t\t<\/div>\n\t\t\t\t\t<\/div>\n\t\t<\/div>\n\t\t\t\t\t<\/div>\n\t\t<\/section>\n\t\t\t\t<section class=\"elementor-section elementor-top-section elementor-element elementor-element-3497d3e elementor-section-boxed elementor-section-height-default elementor-section-height-default\" data-id=\"3497d3e\" data-element_type=\"section\" data-e-type=\"section\">\n\t\t\t\t\t\t<div class=\"elementor-container elementor-column-gap-default\">\n\t\t\t\t\t<div class=\"elementor-column elementor-col-33 elementor-top-column elementor-element elementor-element-c8e340c\" data-id=\"c8e340c\" data-element_type=\"column\" data-e-type=\"column\">\n\t\t\t<div class=\"elementor-widget-wrap elementor-element-populated\">\n\t\t\t\t\t\t<div class=\"elementor-element elementor-element-9bf40f0 elementor-widget elementor-widget-text-editor\" data-id=\"9bf40f0\" data-element_type=\"widget\" data-e-type=\"widget\" data-widget_type=\"text-editor.default\">\n\t\t\t\t<div class=\"elementor-widget-container\">\n\t\t\t\t\t\t\t\t\t<p>\u2605\u2605\u2605\u2605\u2605<\/p><p>Odpowiedni cz\u0142owiek w odpowiednim miejscu z odpowiednim sprz\u0119tem! Wybrali\u015bmy Paw\u0142a po kilkutygodniowych poszukiwaniach. Jako osoba z bran\u017cy pokrewnej (Fotograf), by\u0142em do\u015b\u0107 wybredny podczas poszukiwa\u0144, zwraca\u0142em uwag\u0119 na to na co osoba z poza bran\u017cy uwagi by nie zwraca\u0142a. Wsp\u00f3\u0142prac\u0119 rozpocz\u0119li\u015bmy od nagrania podzi\u0119kowa\u0144 dla rodzic\u00f3w &#8211; Strza\u0142 w 10! \u017badnych poprawek Pawe\u0142 stworzy\u0142 klip o jakim my\u015bleli\u015bmy. Po tym materiale wiedzieli\u015bmy \u017ce jeste\u015bmy w dobrych r\u0119kach i materia\u0142 ko\u0144cowy z wesela b\u0119dzie taki jaki zaplanowali\u015bmy. Wszystko zgodnie z za\u0142o\u017ceniami! Nie ma si\u0119 do czego doczepi\u0107 \ud83d\ude42 Zdecydowanie Polecam KRAVCFILM!<\/p><p><em>&#8211; Agata i Marcin<\/em><\/p>\t\t\t\t\t\t\t\t<\/div>\n\t\t\t\t<\/div>\n\t\t\t\t\t<\/div>\n\t\t<\/div>\n\t\t\t\t<div class=\"elementor-column elementor-col-33 elementor-top-column elementor-element elementor-element-44aafcc\" data-id=\"44aafcc\" data-element_type=\"column\" data-e-type=\"column\">\n\t\t\t<div class=\"elementor-widget-wrap elementor-element-populated\">\n\t\t\t\t\t\t<div class=\"elementor-element elementor-element-112cca9 elementor-widget elementor-widget-text-editor\" data-id=\"112cca9\" data-element_type=\"widget\" data-e-type=\"widget\" data-widget_type=\"text-editor.default\">\n\t\t\t\t<div class=\"elementor-widget-container\">\n\t\t\t\t\t\t\t\t\t<p>\u2605\u2605\u2605\u2605\u2605<\/p><p>Wraz z m\u0119\u017cem nie mieli\u015bmy \u017cadnych w\u0105tpliwo\u015bci kogo wybra\u0107 jako kamerzyst\u0119 w tym wyj\u0105tkowym dla nas dniu \ud83d\ude0d. Widzieli\u015bmy wcze\u015bniej Paw\u0142a dzie\u0142a u naszych znajomych i efekt nas zachwyci\u0142 \ud83d\ude03.W dniu \u015blubu dba o dobr\u0105 atmosfer\u0119 i powoduje, \u017ce kamera nie stanowi dodatkowego dyskomfortu \ud83d\ude01. Film sprawia, \u017ce mo\u017cemy wr\u00f3ci\u0107 wspomnieniami do tego cudownego dnia \ud83d\ude0d a spos\u00f3b monta\u017cu czyni go wci\u0105gaj\u0105cym \ud83d\ude03 Serdecznie polecamy\ud83e\udd29<\/p><p><em>&#8211; Marta Kowalewska<\/em><\/p>\t\t\t\t\t\t\t\t<\/div>\n\t\t\t\t<\/div>\n\t\t\t\t\t<\/div>\n\t\t<\/div>\n\t\t\t\t<div class=\"elementor-column elementor-col-33 elementor-top-column elementor-element elementor-element-c446558\" data-id=\"c446558\" data-element_type=\"column\" data-e-type=\"column\">\n\t\t\t<div class=\"elementor-widget-wrap elementor-element-populated\">\n\t\t\t\t\t\t<div class=\"elementor-element elementor-element-d054312 elementor-widget elementor-widget-text-editor\" data-id=\"d054312\" data-element_type=\"widget\" data-e-type=\"widget\" data-widget_type=\"text-editor.default\">\n\t\t\t\t<div class=\"elementor-widget-container\">\n\t\t\t\t\t\t\t\t\t<p>\u2605\u2605\u2605\u2605\u2605<\/p><p>Ju\u017c po pierwszym spotkaniu byli\u015bmy zadowoleni z wyboru Kravca. Tre\u015bciwie, profesjonalnie, precyzyjnie. Do tego trzeba mie\u0107 smyka\u0142k\u0119 i umiej\u0119tno\u015bci, co w zupe\u0142no\u015bci oddaje film \u015blubny, teledysk i podzi\u0119kowania dla rodzic\u00f3w. Wystarczy rzuci\u0107 pomys\u0142 i zarys, a o reszt\u0119 nie trzeba si\u0119 martwi\u0107. G\u0142owa pe\u0142na innowacji, pomys\u0142\u00f3w i wizji jak to ugry\u017a\u0107. Drobne zmiany b\u0105d\u017a korekty nie s\u0105 dla niego problemem \ud83d\ude42 Godzina filmu zlecia\u0142a w sekund\u0119. Na du\u017cy plus elastyczno\u015b\u0107 i dost\u0119pno\u015b\u0107 w tygodniu. \ud83d\ude42 Film + teledysk dostali\u015bmy w ekspresowym czasie od sesji. Gdyby\u015bmy mieli jeszcze raz organizowa\u0107 wesele wybraliby\u015bmy tak samo.. \u2764\ufe0f\ud83d\udd25Polecam!<\/p><p><em>&#8211; Aleksandra i Bartek<\/em><\/p>\t\t\t\t\t\t\t\t<\/div>\n\t\t\t\t<\/div>\n\t\t\t\t\t<\/div>\n\t\t<\/div>\n\t\t\t\t\t<\/div>\n\t\t<\/section>\n\t\t\t\t<section class=\"elementor-section elementor-top-section elementor-element elementor-element-a9de5c8 elementor-section-boxed elementor-section-height-default elementor-section-height-default\" data-id=\"a9de5c8\" data-element_type=\"section\" data-e-type=\"section\">\n\t\t\t\t\t\t<div class=\"elementor-container elementor-column-gap-default\">\n\t\t\t\t\t<div class=\"elementor-column elementor-col-100 elementor-top-column elementor-element elementor-element-8547014\" data-id=\"8547014\" data-element_type=\"column\" data-e-type=\"column\">\n\t\t\t<div class=\"elementor-widget-wrap elementor-element-populated\">\n\t\t\t\t\t\t<div class=\"elementor-element elementor-element-d4620e9 elementor-align-center elementor-widget elementor-widget-button\" data-id=\"d4620e9\" data-element_type=\"widget\" data-e-type=\"widget\" data-widget_type=\"button.default\">\n\t\t\t\t<div class=\"elementor-widget-container\">\n\t\t\t\t\t\t\t\t\t<div class=\"elementor-button-wrapper\">\n\t\t\t\t\t<a class=\"elementor-button elementor-button-link elementor-size-sm\" href=\"https:\/\/g.page\/kravcfilm\/\" target=\"_blank\">\n\t\t\t\t\t\t<span class=\"elementor-button-content-wrapper\">\n\t\t\t\t\t\t\t\t\t<span class=\"elementor-button-text\">przeczytaj wi\u0119cej opinii<\/span>\n\t\t\t\t\t<\/span>\n\t\t\t\t\t<\/a>\n\t\t\t\t<\/div>\n\t\t\t\t\t\t\t\t<\/div>\n\t\t\t\t<\/div>\n\t\t\t\t\t<\/div>\n\t\t<\/div>\n\t\t\t\t\t<\/div>\n\t\t<\/section>\n\t\t\t\t<\/div>\n\t\t","protected":false},"excerpt":{"rendered":"<p>KRAVC Nazywam si\u0119 Pawe\u0142 Krawiecki, ale wi\u0119kszo\u015b\u0107 zna mnie jako KRAVC. Tworz\u0119 kr\u00f3tkometra\u017cowe filmy \u015blubne oraz komercyjne. Jak to w \u017cyciu bywa, nie samym filmowaniem cz\u0142owiek \u017cyje. Chwile wolne od zagrywek sp\u0119dzam z rodzin\u0105, maluj\u0119 murale, je\u017cd\u017c\u0119 na rowerze lub pijam dobre drinki. MNIEJ ZNACZY LEPIEJ! To zasada, kt\u00f3r\u0105 kieruj\u0119 si\u0119 w pracy od wielu [&hellip;]<\/p>\n","protected":false},"author":1,"featured_media":0,"parent":0,"menu_order":0,"comment_status":"closed","ping_status":"closed","template":"","meta":{"footnotes":""},"class_list":["post-21","page","type-page","status-publish","hentry"],"_links":{"self":[{"href":"https:\/\/kravcfilm.com\/index.php\/wp-json\/wp\/v2\/pages\/21","targetHints":{"allow":["GET"]}}],"collection":[{"href":"https:\/\/kravcfilm.com\/index.php\/wp-json\/wp\/v2\/pages"}],"about":[{"href":"https:\/\/kravcfilm.com\/index.php\/wp-json\/wp\/v2\/types\/page"}],"author":[{"embeddable":true,"href":"https:\/\/kravcfilm.com\/index.php\/wp-json\/wp\/v2\/users\/1"}],"replies":[{"embeddable":true,"href":"https:\/\/kravcfilm.com\/index.php\/wp-json\/wp\/v2\/comments?post=21"}],"version-history":[{"count":19,"href":"https:\/\/kravcfilm.com\/index.php\/wp-json\/wp\/v2\/pages\/21\/revisions"}],"predecessor-version":[{"id":338,"href":"https:\/\/kravcfilm.com\/index.php\/wp-json\/wp\/v2\/pages\/21\/revisions\/338"}],"wp:attachment":[{"href":"https:\/\/kravcfilm.com\/index.php\/wp-json\/wp\/v2\/media?parent=21"}],"curies":[{"name":"wp","href":"https:\/\/api.w.org\/{rel}","templated":true}]}}