{"id":10,"date":"2023-07-29T08:06:10","date_gmt":"2023-07-29T08:06:10","guid":{"rendered":"https:\/\/kravcfilm.com\/?page_id=10"},"modified":"2026-01-09T11:46:52","modified_gmt":"2026-01-09T11:46:52","slug":"filmy-slubne","status":"publish","type":"page","link":"https:\/\/kravcfilm.com\/index.php\/filmy-slubne\/","title":{"rendered":"KRAVC Wedding Films"},"content":{"rendered":"\t\t<div data-elementor-type=\"wp-page\" data-elementor-id=\"10\" class=\"elementor elementor-10\" data-elementor-post-type=\"page\">\n\t\t\t\t\t\t<section class=\"elementor-section elementor-top-section elementor-element elementor-element-a6988be elementor-section-full_width elementor-section-height-min-height elementor-section-content-top elementor-section-height-default elementor-section-items-middle\" data-id=\"a6988be\" data-element_type=\"section\" data-e-type=\"section\" data-settings=\"{&quot;background_background&quot;:&quot;video&quot;,&quot;background_play_on_mobile&quot;:&quot;yes&quot;,&quot;background_video_link&quot;:&quot;https:\\\/\\\/youtu.be\\\/7CtCBqrE5UE&quot;}\">\n\t\t\t\t\t\t\t\t<div class=\"elementor-background-video-container\">\n\t\t\t\t\t\t\t\t\t\t\t\t\t<div class=\"elementor-background-video-embed\" role=\"presentation\"><\/div>\n\t\t\t\t\t\t\t\t\t\t\t\t<\/div>\n\t\t\t\t\t\t\t\t<div class=\"elementor-container elementor-column-gap-no\">\n\t\t\t\t\t<div class=\"elementor-column elementor-col-100 elementor-top-column elementor-element elementor-element-e56f480\" data-id=\"e56f480\" data-element_type=\"column\" data-e-type=\"column\">\n\t\t\t<div class=\"elementor-widget-wrap\">\n\t\t\t\t\t\t\t<\/div>\n\t\t<\/div>\n\t\t\t\t\t<\/div>\n\t\t<\/section>\n\t\t\t\t<section class=\"elementor-section elementor-top-section elementor-element elementor-element-04323ec elementor-section-boxed elementor-section-height-default elementor-section-height-default\" data-id=\"04323ec\" data-element_type=\"section\" data-e-type=\"section\" data-settings=\"{&quot;background_background&quot;:&quot;classic&quot;}\">\n\t\t\t\t\t\t<div class=\"elementor-container elementor-column-gap-default\">\n\t\t\t\t\t<div class=\"elementor-column elementor-col-100 elementor-top-column elementor-element elementor-element-fc69aff\" data-id=\"fc69aff\" data-element_type=\"column\" data-e-type=\"column\">\n\t\t\t<div class=\"elementor-widget-wrap elementor-element-populated\">\n\t\t\t\t\t\t<div class=\"elementor-element elementor-element-f129b8d elementor-widget elementor-widget-heading\" data-id=\"f129b8d\" data-element_type=\"widget\" data-e-type=\"widget\" data-widget_type=\"heading.default\">\n\t\t\t\t<div class=\"elementor-widget-container\">\n\t\t\t\t\t<h2 class=\"elementor-heading-title elementor-size-default\">Cze\u015b\u0107! Jestem Pawe\u0142 i jestem filmowcem \u015blubnym !<\/h2>\t\t\t\t<\/div>\n\t\t\t\t<\/div>\n\t\t\t\t\t<\/div>\n\t\t<\/div>\n\t\t\t\t\t<\/div>\n\t\t<\/section>\n\t\t\t\t<section class=\"elementor-section elementor-top-section elementor-element elementor-element-e45516e elementor-section-full_width elementor-section-height-default elementor-section-height-default\" data-id=\"e45516e\" data-element_type=\"section\" data-e-type=\"section\" data-settings=\"{&quot;background_background&quot;:&quot;classic&quot;}\">\n\t\t\t\t\t\t<div class=\"elementor-container elementor-column-gap-default\">\n\t\t\t\t\t<div class=\"elementor-column elementor-col-100 elementor-top-column elementor-element elementor-element-61e5e21\" data-id=\"61e5e21\" data-element_type=\"column\" data-e-type=\"column\">\n\t\t\t<div class=\"elementor-widget-wrap\">\n\t\t\t\t\t\t\t<\/div>\n\t\t<\/div>\n\t\t\t\t\t<\/div>\n\t\t<\/section>\n\t\t\t\t<section class=\"elementor-section elementor-top-section elementor-element elementor-element-a6343a9 elementor-section-full_width elementor-section-height-default elementor-section-height-default\" data-id=\"a6343a9\" data-element_type=\"section\" data-e-type=\"section\">\n\t\t\t\t\t\t<div class=\"elementor-container elementor-column-gap-default\">\n\t\t\t\t\t<div class=\"elementor-column elementor-col-100 elementor-top-column elementor-element elementor-element-4ef5566\" data-id=\"4ef5566\" data-element_type=\"column\" data-e-type=\"column\">\n\t\t\t<div class=\"elementor-widget-wrap elementor-element-populated\">\n\t\t\t\t\t\t<div class=\"elementor-element elementor-element-00f0169 elementor-widget elementor-widget-spacer\" data-id=\"00f0169\" data-element_type=\"widget\" data-e-type=\"widget\" data-widget_type=\"spacer.default\">\n\t\t\t\t<div class=\"elementor-widget-container\">\n\t\t\t\t\t\t\t<div class=\"elementor-spacer\">\n\t\t\t<div class=\"elementor-spacer-inner\"><\/div>\n\t\t<\/div>\n\t\t\t\t\t\t<\/div>\n\t\t\t\t<\/div>\n\t\t\t\t<div class=\"elementor-element elementor-element-a210817 elementor-widget elementor-widget-heading\" data-id=\"a210817\" data-element_type=\"widget\" data-e-type=\"widget\" data-widget_type=\"heading.default\">\n\t\t\t\t<div class=\"elementor-widget-container\">\n\t\t\t\t\t<h2 class=\"elementor-heading-title elementor-size-default\">Zr\u00f3bmy razem film !<\/h2>\t\t\t\t<\/div>\n\t\t\t\t<\/div>\n\t\t\t\t<div class=\"elementor-element elementor-element-6966cc3 elementor-grid-2 elementor-grid-tablet-2 elementor-grid-mobile-1 elementor-widget elementor-widget-portfolio\" data-id=\"6966cc3\" data-element_type=\"widget\" data-e-type=\"widget\" data-settings=\"{&quot;columns&quot;:&quot;2&quot;,&quot;row_gap&quot;:{&quot;unit&quot;:&quot;px&quot;,&quot;size&quot;:20,&quot;sizes&quot;:[]},&quot;columns_tablet&quot;:&quot;2&quot;,&quot;columns_mobile&quot;:&quot;1&quot;,&quot;item_ratio&quot;:{&quot;unit&quot;:&quot;px&quot;,&quot;size&quot;:0.66,&quot;sizes&quot;:[]},&quot;item_gap&quot;:{&quot;unit&quot;:&quot;px&quot;,&quot;size&quot;:&quot;&quot;,&quot;sizes&quot;:[]}}\" data-widget_type=\"portfolio.default\">\n\t\t\t\t<div class=\"elementor-widget-container\">\n\t\t\t\t\t\t\t<div class=\"elementor-portfolio elementor-grid elementor-posts-container\">\n\t\t\t\t<article class=\"elementor-portfolio-item elementor-post  post-156 post type-post status-publish format-standard has-post-thumbnail hentry category-slubne\">\n\t\t\t<a class=\"elementor-post__thumbnail__link\" href=\"https:\/\/kravcfilm.com\/index.php\/2023\/07\/29\/folwarkwplenerze\/\">\n\t\t\t\t<div class=\"elementor-portfolio-item__img elementor-post__thumbnail\">\n\t\t\t<img fetchpriority=\"high\" decoding=\"async\" width=\"1920\" height=\"1080\" src=\"https:\/\/kravcfilm.com\/wp-content\/uploads\/2025\/01\/1.jpg\" class=\"attachment-full size-full wp-image-649\" alt=\"\" srcset=\"https:\/\/kravcfilm.com\/wp-content\/uploads\/2025\/01\/1.jpg 1920w, https:\/\/kravcfilm.com\/wp-content\/uploads\/2025\/01\/1-300x169.jpg 300w, https:\/\/kravcfilm.com\/wp-content\/uploads\/2025\/01\/1-1024x576.jpg 1024w, https:\/\/kravcfilm.com\/wp-content\/uploads\/2025\/01\/1-768x432.jpg 768w, https:\/\/kravcfilm.com\/wp-content\/uploads\/2025\/01\/1-1536x864.jpg 1536w\" sizes=\"(max-width: 1920px) 100vw, 1920px\" \/>\t\t<\/div>\n\t\t\t\t<div class=\"elementor-portfolio-item__overlay\">\n\t\t\t\t<h3 class=\"elementor-portfolio-item__title\">\n\t\tDaria &#038; Wojtek \/ Folwark w Plenerze \/ 4K\t\t<\/h3>\n\t\t\t\t<\/div>\n\t\t\t\t<\/a>\n\t\t<\/article>\n\t\t\t\t<article class=\"elementor-portfolio-item elementor-post  post-145 post type-post status-publish format-standard has-post-thumbnail hentry category-slubne\">\n\t\t\t<a class=\"elementor-post__thumbnail__link\" href=\"https:\/\/kravcfilm.com\/index.php\/2023\/07\/29\/paulinapiotr\/\">\n\t\t\t\t<div class=\"elementor-portfolio-item__img elementor-post__thumbnail\">\n\t\t\t<img decoding=\"async\" width=\"2953\" height=\"1374\" src=\"https:\/\/kravcfilm.com\/wp-content\/uploads\/2023\/07\/Zrzut-ekranu-2025-07-03-o-13.15.04-PM.png\" class=\"attachment-full size-full wp-image-812\" alt=\"\" srcset=\"https:\/\/kravcfilm.com\/wp-content\/uploads\/2023\/07\/Zrzut-ekranu-2025-07-03-o-13.15.04-PM.png 2953w, https:\/\/kravcfilm.com\/wp-content\/uploads\/2023\/07\/Zrzut-ekranu-2025-07-03-o-13.15.04-PM-300x140.png 300w, https:\/\/kravcfilm.com\/wp-content\/uploads\/2023\/07\/Zrzut-ekranu-2025-07-03-o-13.15.04-PM-1024x476.png 1024w, https:\/\/kravcfilm.com\/wp-content\/uploads\/2023\/07\/Zrzut-ekranu-2025-07-03-o-13.15.04-PM-768x357.png 768w, https:\/\/kravcfilm.com\/wp-content\/uploads\/2023\/07\/Zrzut-ekranu-2025-07-03-o-13.15.04-PM-1536x715.png 1536w, https:\/\/kravcfilm.com\/wp-content\/uploads\/2023\/07\/Zrzut-ekranu-2025-07-03-o-13.15.04-PM-2048x953.png 2048w\" sizes=\"(max-width: 2953px) 100vw, 2953px\" \/>\t\t<\/div>\n\t\t\t\t<div class=\"elementor-portfolio-item__overlay\">\n\t\t\t\t<h3 class=\"elementor-portfolio-item__title\">\n\t\tIza &#038; Maciek \/ Sesja Berlin \/ 4K\t\t<\/h3>\n\t\t\t\t<\/div>\n\t\t\t\t<\/a>\n\t\t<\/article>\n\t\t\t\t<article class=\"elementor-portfolio-item elementor-post  post-164 post type-post status-publish format-standard has-post-thumbnail hentry category-slubne\">\n\t\t\t<a class=\"elementor-post__thumbnail__link\" href=\"https:\/\/kravcfilm.com\/index.php\/2023\/07\/29\/judigrzesiek\/\">\n\t\t\t\t<div class=\"elementor-portfolio-item__img elementor-post__thumbnail\">\n\t\t\t<img decoding=\"async\" width=\"1920\" height=\"900\" src=\"https:\/\/kravcfilm.com\/wp-content\/uploads\/2025\/01\/11-2.jpg\" class=\"attachment-full size-full wp-image-648\" alt=\"\" srcset=\"https:\/\/kravcfilm.com\/wp-content\/uploads\/2025\/01\/11-2.jpg 1920w, https:\/\/kravcfilm.com\/wp-content\/uploads\/2025\/01\/11-2-300x141.jpg 300w, https:\/\/kravcfilm.com\/wp-content\/uploads\/2025\/01\/11-2-1024x480.jpg 1024w, https:\/\/kravcfilm.com\/wp-content\/uploads\/2025\/01\/11-2-768x360.jpg 768w, https:\/\/kravcfilm.com\/wp-content\/uploads\/2025\/01\/11-2-1536x720.jpg 1536w\" sizes=\"(max-width: 1920px) 100vw, 1920px\" \/>\t\t<\/div>\n\t\t\t\t<div class=\"elementor-portfolio-item__overlay\">\n\t\t\t\t<h3 class=\"elementor-portfolio-item__title\">\n\t\tJudyta &#038; Grzegorz \/ Pa\u0142ac Rajkowo \/ 4K\t\t<\/h3>\n\t\t\t\t<\/div>\n\t\t\t\t<\/a>\n\t\t<\/article>\n\t\t\t\t<article class=\"elementor-portfolio-item elementor-post  post-174 post type-post status-publish format-standard has-post-thumbnail hentry category-slubne\">\n\t\t\t<a class=\"elementor-post__thumbnail__link\" href=\"https:\/\/kravcfilm.com\/index.php\/2023\/07\/29\/marta-bartek\/\">\n\t\t\t\t<div class=\"elementor-portfolio-item__img elementor-post__thumbnail\">\n\t\t\t<img loading=\"lazy\" decoding=\"async\" width=\"1280\" height=\"720\" src=\"https:\/\/kravcfilm.com\/wp-content\/uploads\/2023\/07\/maxresdefault.jpg\" class=\"attachment-full size-full wp-image-924\" alt=\"\" srcset=\"https:\/\/kravcfilm.com\/wp-content\/uploads\/2023\/07\/maxresdefault.jpg 1280w, https:\/\/kravcfilm.com\/wp-content\/uploads\/2023\/07\/maxresdefault-300x169.jpg 300w, https:\/\/kravcfilm.com\/wp-content\/uploads\/2023\/07\/maxresdefault-1024x576.jpg 1024w, https:\/\/kravcfilm.com\/wp-content\/uploads\/2023\/07\/maxresdefault-768x432.jpg 768w\" sizes=\"(max-width: 1280px) 100vw, 1280px\" \/>\t\t<\/div>\n\t\t\t\t<div class=\"elementor-portfolio-item__overlay\">\n\t\t\t\t<h3 class=\"elementor-portfolio-item__title\">\n\t\tMatylda &#038; Rafa\u0142 [ 4K ]\t\t<\/h3>\n\t\t\t\t<\/div>\n\t\t\t\t<\/a>\n\t\t<\/article>\n\t\t\t\t<\/div>\n\t\t\t\t\t\t<\/div>\n\t\t\t\t<\/div>\n\t\t\t\t<div class=\"elementor-element elementor-element-a11c31a elementor-widget elementor-widget-spacer\" data-id=\"a11c31a\" data-element_type=\"widget\" data-e-type=\"widget\" data-widget_type=\"spacer.default\">\n\t\t\t\t<div class=\"elementor-widget-container\">\n\t\t\t\t\t\t\t<div class=\"elementor-spacer\">\n\t\t\t<div class=\"elementor-spacer-inner\"><\/div>\n\t\t<\/div>\n\t\t\t\t\t\t<\/div>\n\t\t\t\t<\/div>\n\t\t\t\t<div class=\"elementor-element elementor-element-558c9da elementor-shape-circle elementor-grid-0 e-grid-align-center elementor-widget elementor-widget-social-icons\" data-id=\"558c9da\" data-element_type=\"widget\" data-e-type=\"widget\" data-widget_type=\"social-icons.default\">\n\t\t\t\t<div class=\"elementor-widget-container\">\n\t\t\t\t\t\t\t<div class=\"elementor-social-icons-wrapper elementor-grid\" role=\"list\">\n\t\t\t\t\t\t\t<span class=\"elementor-grid-item\" role=\"listitem\">\n\t\t\t\t\t<a class=\"elementor-icon elementor-social-icon elementor-social-icon-facebook elementor-repeater-item-1ca1a69\" href=\"https:\/\/www.facebook.com\/kravcfilm\" target=\"_blank\">\n\t\t\t\t\t\t<span class=\"elementor-screen-only\">Facebook<\/span>\n\t\t\t\t\t\t<i aria-hidden=\"true\" class=\"fab fa-facebook\"><\/i>\t\t\t\t\t<\/a>\n\t\t\t\t<\/span>\n\t\t\t\t\t\t\t<span class=\"elementor-grid-item\" role=\"listitem\">\n\t\t\t\t\t<a class=\"elementor-icon elementor-social-icon elementor-social-icon-instagram elementor-repeater-item-48e4a4a\" href=\"https:\/\/www.instagram.com\/kravcfilm\/\" target=\"_blank\">\n\t\t\t\t\t\t<span class=\"elementor-screen-only\">Instagram<\/span>\n\t\t\t\t\t\t<i aria-hidden=\"true\" class=\"fab fa-instagram\"><\/i>\t\t\t\t\t<\/a>\n\t\t\t\t<\/span>\n\t\t\t\t\t\t\t<span class=\"elementor-grid-item\" role=\"listitem\">\n\t\t\t\t\t<a class=\"elementor-icon elementor-social-icon elementor-social-icon-youtube elementor-repeater-item-623e0b1\" href=\"https:\/\/www.youtube.com\/@kravc\" target=\"_blank\">\n\t\t\t\t\t\t<span class=\"elementor-screen-only\">Youtube<\/span>\n\t\t\t\t\t\t<i aria-hidden=\"true\" class=\"fab fa-youtube\"><\/i>\t\t\t\t\t<\/a>\n\t\t\t\t<\/span>\n\t\t\t\t\t<\/div>\n\t\t\t\t\t\t<\/div>\n\t\t\t\t<\/div>\n\t\t\t\t<div class=\"elementor-element elementor-element-0f3f02d elementor-widget elementor-widget-spacer\" data-id=\"0f3f02d\" data-element_type=\"widget\" data-e-type=\"widget\" data-widget_type=\"spacer.default\">\n\t\t\t\t<div class=\"elementor-widget-container\">\n\t\t\t\t\t\t\t<div class=\"elementor-spacer\">\n\t\t\t<div class=\"elementor-spacer-inner\"><\/div>\n\t\t<\/div>\n\t\t\t\t\t\t<\/div>\n\t\t\t\t<\/div>\n\t\t\t\t\t<\/div>\n\t\t<\/div>\n\t\t\t\t\t<\/div>\n\t\t<\/section>\n\t\t\t\t<\/div>\n\t\t","protected":false},"excerpt":{"rendered":"<p>Cze\u015b\u0107! Jestem Pawe\u0142 i jestem filmowcem \u015blubnym ! Zr\u00f3bmy razem film ! Facebook Instagram Youtube<\/p>\n","protected":false},"author":1,"featured_media":517,"parent":0,"menu_order":0,"comment_status":"closed","ping_status":"closed","template":"","meta":{"footnotes":""},"class_list":["post-10","page","type-page","status-publish","has-post-thumbnail","hentry"],"_links":{"self":[{"href":"https:\/\/kravcfilm.com\/index.php\/wp-json\/wp\/v2\/pages\/10","targetHints":{"allow":["GET"]}}],"collection":[{"href":"https:\/\/kravcfilm.com\/index.php\/wp-json\/wp\/v2\/pages"}],"about":[{"href":"https:\/\/kravcfilm.com\/index.php\/wp-json\/wp\/v2\/types\/page"}],"author":[{"embeddable":true,"href":"https:\/\/kravcfilm.com\/index.php\/wp-json\/wp\/v2\/users\/1"}],"replies":[{"embeddable":true,"href":"https:\/\/kravcfilm.com\/index.php\/wp-json\/wp\/v2\/comments?post=10"}],"version-history":[{"count":151,"href":"https:\/\/kravcfilm.com\/index.php\/wp-json\/wp\/v2\/pages\/10\/revisions"}],"predecessor-version":[{"id":915,"href":"https:\/\/kravcfilm.com\/index.php\/wp-json\/wp\/v2\/pages\/10\/revisions\/915"}],"wp:featuredmedia":[{"embeddable":true,"href":"https:\/\/kravcfilm.com\/index.php\/wp-json\/wp\/v2\/media\/517"}],"wp:attachment":[{"href":"https:\/\/kravcfilm.com\/index.php\/wp-json\/wp\/v2\/media?parent=10"}],"curies":[{"name":"wp","href":"https:\/\/api.w.org\/{rel}","templated":true}]}}